 6. Let u(b) = 4*b + 3. Determine u(n).
-5
Let r(c) be the first derivative of 8*c**3/3 - c - 1. Suppose 2*z + 0*z - 6 = 0. Suppose z*x = 2 - 5. Determine r(x).
7
Let p(g) be the second derivative of -g**3/6 - 2*g**2 + 182*g. Let t be 6/(-21) + 4/14. Calculate p(t).
-4
Let c be (10/4)/((-1)/2). Let h(w) be the first derivative of -w**2/2 - 4*w - 6. Give h(c).
1
Let i(s) = -2*s - 6. Suppose f - 3*g + 19 = -0*f, f = -g + 1. Calculate i(f).
2
Let u(a) = -a + 1. Let k(d) = 3. Let h(r) = -k(r) + 3*u(r). Let m(p) = -3 - 2 + p**2 + 2 + p**3 - 4*p. Let c be m(-2). Give h(c).
-3
Suppose 5*j + 1 = -4. Let t(r) be the third derivative of r**5/30 + r**4/12 + r**3/6 + 9*r**2. Give t(j).
1
Let t(w) = -5*w**3 + 2*w**2 + 9*w - 11. Let b(z) = 11*z**3 - 5*z**2 - 19*z + 23. Let s(p) = 6*b(p) + 13*t(p). Suppose 0 = -2*i + 1 + 7. Determine s(i).
7
Let r(y) = -4 + 5 - y + 5 - y**2. Let t = 1 + 4. Suppose -t*d = -0*d. Determine r(d).
6
Let s(b) = 1 + 97*b + 99*b - 197*b. Suppose d + 10 = -4*d. Calculate s(d).
3
Let a(v) be the second derivative of -v**4/12 + v**3/2 + v**2 + v. Suppose -o + 18 = -2*p + o, -3*p - 5*o + 13 = 0. Let f be (-3 - p) + -1 - -4. What is a(f)?
-2
Let p be 6*-1*(-1)/((-3)/(-4)). Let s(k) = -k**3 + 9*k**2 - 8*k - 6. Determine s(p).
-6
Let l(a) = -6. Let n(v) = -v + 1. Let y(p) = -l(p) - n(p). Determine y(0).
5
Suppose -m + 3 = 2*m. Let y(a) = -3*a**2 + 3*a**2 + 7*a**3 - 1 + a**2. Give y(m).
7
Suppose 2*m - 4 = -2. Let h(v) = -m - 4*v + 2*v - v**2 - 3*v**2. What is h(-1)?
-3
Let v(l) be the third derivative of 1/24*l**4 + 1/3*l**3 + 2*l**2 + 0*l + 0. Suppose -4*k + 10 = -6. What is v(k)?
6
Let a(f) be the first derivative of 4*f**2 - 1/3*f**3 - 2*f - 3. Calculate a(6).
10
Let l(r) = -r**2 + r. Let o(s) = 6*s**2 + 2*s - 5. Let w(v) = 31*v**2 + 10*v - 25. Let h(i) = -11*o(i) + 2*w(i). Let y(g) = -h(g) + 5*l(g). Calculate y(7).
-5
Let c(h) = -2*h + 1 - h + 1 + 4*h. What is c(-4)?
-2
Let k be 24/(-5) - (-2)/(-10). Let h(p) = 4*p + 2 - 10 - 3*p. Let z(c) = -3*c + 17. Let r(o) = 5*h(o) + 2*z(o). Calculate r(k).
-1
Let t(x) = 3*x - 9. Let n be t(4). Let w(q) = 3*q**2 - 3*q. Determine w(n).
18
Let v(g) be the third derivative of -g**6/120 - g**5/6 - 5*g**4/12 - 2*g**3 - 38*g**2. What is v(-9)?
-3
Let r(f) = 3*f - 4*f**2 + 2*f**2 - 589 + 593. Determine r(3).
-5
Let j(x) = -x**2 - 7. Let k be 6*(27/(-6) - -4). Let w = k - -3. What is j(w)?
-7
Let c = 7 + -7. Let g(i) = i - 13. Calculate g(c).
-13
Let q be 1/(-3)*(-6 - -3). Let a(m) = 1 + q - 3*m**2 + 5*m + 2*m**2. What is a(5)?
2
Let g(x) = 3*x**3 + 6*x**2 + 4*x. Let m(d) = 4*d**3 + 7*d**2 + 5*d. Let a(l) = -2*l + 4. Let v be a(3). Let y(b) = v*m(b) + 3*g(b). Give y(-3).
3
Let j(u) = -u**3 + 4*u**2 + 6*u + 6. Suppose 2*s + 23 + 9 = 0. Let k be (-3)/24 - 82/s. Calculate j(k).
11
Let b(p) = -3*p + 5. Let o(t) = -6*t + 11. Let v(c) = 5*b(c) - 3*o(c). Determine v(6).
10
Let q(d) be the third derivative of -3*d**4/8 - d**3/6 - d**2. Give q(1).
-10
Let d(k) = k**2 + 3*k - 4. Suppose 0 = 2*v - x + 13, 9 = -2*v + v + 3*x. Calculate d(v).
14
Let m = 21 - 18. Let a(r) = -4*r + r - m - 5 + 4. What is a(-4)?
8
Suppose -4*g + 5*t = 140, g - 2*t = -4*t - 35. Let v be (-2)/(-6) + g/(-3). Suppose -2*m + 0 = -3*b - 8, v = 2*m - 5*b. Let n(z) = -z**3 - z + 1. Give n(m).
-1
Suppose 0*a - 2*j = a - 2, 2*a + j + 5 = 0. Let q be a/4*-7 + -3. Let l(c) be the first derivative of -c**2/2 + 8*c - 1. Calculate l(q).
4
Let z(l) = l + 3. Let d be 3/(-6)*(-7 - 3). Suppose 4*n - d*n = 0. Suppose n = -y - 3. What is z(y)?
0
Let s(f) = -f + 1. Let k be (-1)/(-6) - 38/12. Let g(y) = y**3 + 2*y**2 - y + 2. Let q be g(k). Determine s(q).
5
Let r(t) be the third derivative of t**5/60 + t**4/24 - t**3/3 - 33*t**2. What is r(-3)?
4
Let k(r) be the third derivative of r**6/120 - r**5/15 - 7*r**4/24 + r**3 + 4*r**2. Determine k(5).
-4
Let t(n) = n. Suppose 6*i + 2 = i - 4*s, -5*i - 16 = -3*s. Calculate t(i).
-2
Let f(m) = -2*m**2 - 2*m + 5. Let g(z) = 3*z**2 + 2*z - 6. Let s(b) = -5*f(b) - 4*g(b). Let o be s(1). Let q(l) = 9*l + 1. Determine q(o).
-8
Let v(c) = 5*c**3 + c - 2. Let h(t) = -6*t**3 + t**2 - t + 3. Let l(s) = 4*h(s) + 5*v(s). Calculate l(-3).
8
Let y(v) = -v**2 + 2*v + 3. Let c = 4 - 6. Let h(r) = -16*r**2 + 2*r + 2*r + 13*r**2 + 6. Let g(l) = c*h(l) + 5*y(l). What is g(-3)?
6
Let g(c) = c**3 + 3*c**2 - 3*c + 2. Suppose -s - 25 = 1. Let t be s/6 + (-3)/(-9). Calculate g(t).
-2
Let b be (-832)/(-28) - (-2)/7. Suppose d - 6*d = -b. Let j(w) = 2*w - 4. What is j(d)?
8
Let b be 10 + -1 - (-1 + 0). Suppose 4*f + 2*n = b, -3*f - 3*n = -n - 10. Let a(q) = q**3 + q**2 + q + 1. Calculate a(f).
1
Suppose 4 = -9*i - 32. Let l(u) = 1. Let q(t) = -9*t - 9. Let n(x) = -5*x - 5. Let a(b) = 7*n(b) - 4*q(b). Let c(s) = i*l(s) - a(s). Calculate c(-6).
1
Let p(h) be the second derivative of h**3/6 + 3*h**2 + 6*h. Calculate p(-3).
3
Let v(x) = x**3 - 2*x**2 + x. Let b(q) = q**2 + 9*q - 8. Let n be b(-10). Give v(n).
2
Let t(i) be the third derivative of 7*i**5/60 - i**3/6 - i**2. Let u = 221 - 222. Calculate t(u).
6
Let p = 4 - 3. Let t(c) = c**2 - 1 + 1 - c + c**3 + p. Suppose -g = -0*g. Give t(g).
1
Let z(s) = -s**3 + 8. Let b be 4 - (-160)/(-140)*14/4. What is z(b)?
8
Let g(h) = 2*h + 7 - 6 - 6 + 4*h**2 - h**3. Suppose 0 = 3*u + 2*u - 20. Calculate g(u).
3
Let g = 3 - 6. Let n(w) be the second derivative of 2*w**2 + 5/6*w**3 + 1/12*w**4 + 0 + 2*w. Determine n(g).
-2
Let p be (-1 - (2 - 4))*1. Let h(x) = 2*x**3 + 2*x**2 - x. What is h(p)?
3
Let g(d) = d**2 - 8*d + 8. Let r(o) = 5*o**2 - 39*o + 41. Let m(j) = 11*g(j) - 2*r(j). Determine m(9).
-3
Let p = 7 - 5. Let j(i) = -p*i**2 - i**3 + 2*i**3 + 3*i + 7*i**2 + 3. Give j(-2).
9
Let p = 27 + -32. Let l(w) be the third derivative of w**4/24 - w**3/6 + 3*w**2. Determine l(p).
-6
Let r be (7 + 424/(-56))/(4/(-14)). Let b(g) = 5*g**3 - 2*g**2 - 6*g + 3. Let a(y) = -y**3 + y. Let q(j) = -4*a(j) - b(j). What is q(r)?
1
Let a(c) = -c**2 - c + 1. Let y(r) = -6*r**2 - 12*r + 4. Let x(s) = -5*a(s) + y(s). Suppose -5*h = 2*j - 4, 11 + 14 = 5*j + 5*h. Let m = 2 - j. What is x(m)?
9
Let c(k) = 15*k + 8. Let o(a) = -4*a - 2. Let m(f) = 2*c(f) + 9*o(f). Give m(-3).
16
Let r(i) = 2 + 0 + i**2 + 7*i - 4 - 3*i. Calculate r(-6).
10
Let g(z) = -3 + 0*z + 9 - 3*z - z**2 + 2*z. Let n(p) = -p + 11. Let f be n(11). Give g(f).
6
Suppose 0 = 3*t - 0*t - 6. Let c(i) = -3*i - i**2 + t*i - 2*i. What is c(-3)?
0
Let x(z) = -2*z**2 + 3*z**2 + 2 + 3*z + 2*z. Suppose -4*k + 14 + 0 = -2*v, 0 = 3*k - 15. Suppose -v*p - 5 = 4. Determine x(p).
-4
Let m(a) be the first derivative of -a**3/3 + 2*a**2 - 5*a - 2. Suppose -8 = -4*l + 8. Suppose 4*q - 5*o = -9, -l*o + 8*o = 20. Give m(q).
-5
Let r = 26 - 32. Let u(a) = -a**2 - 6*a - 2. Determine u(r).
-2
Suppose -3*u - 10 + 7 = 0. Let p(a) = 15*a**3 + a**2 + a + 1. What is p(u)?
-14
Let v(a) = 6*a**3 - a + 1. Let y = -6 + 12. Suppose -5*t + 25 = -5*h, -3*h + y = -t + 19. Determine v(t).
6
Suppose s = 5*s - 16. Suppose -s*r + 11 + 9 = 0. Let c(y) be the first derivative of -y**3/3 + 5*y**2/2 - 3*y - 1. Calculate c(r).
-3
Suppose -a - 3*j + 3 = j, a - 3*j = 3. Let o(c) = -4 + 163*c + 1 - 161*c. What is o(a)?
3
Let d(y) = 4*y - 2. Let k(o) = o**2 + 5*o + 1. Let r be k(-2). Let j(a) = -2*a + 1. Let z(b) = r*j(b) - 3*d(b). Determine z(1).
-1
Let c(d) = 4 + 6*d + d - 4*d + 2. Determine c(5).
21
Let x(m) be the second derivative of 2*m**2 + 0 + m + 1/6*m**3. Let o be 4/8 + 1/(-2). Give x(o).
4
Let l(s) = -73*s + s**2 + 73*s + s**3 + 0*s**3 + 2. Determine l(0).
2
Suppose 5*w - 4*l - 35 = 0, -3*w = -6*l + 9*l + 6. Let m(g) be the first derivative of -4/3*g**w + g**2 - 2 + g. What is m(-1)?
-5
Let m(t) = -t + 21. Suppose -13 = 6*p - 13. What is m(p)?
21
Suppose -2*k - 2*k + 32 = 0. Suppose -s - 14 = -k*v + 4*v, 5*v = -3*s + 26. Let n(o) = o**3 - 4*o**2 - 2*o - 2. What is n(v)?
-10
Let o(z) = -27*z**2 + 0 + 1 + 6*z + 28*z**2. Give o(-7).
8
Let x(q) = 8*q - q**2 + 6 - 2*q + 2*q**2. What is x(-4)?
-2
Let j(p) = -p**3 - 2*p**2 + 2*p + 2. Suppose 0*i = 2*i. Let u be i - (-3)/(-1) - -6. Suppose 0 = -u*y - 9*z + 4*z - 19, -2*z - 10 = 2*y. Calculate j(y).
5
Let i be (-2 - -2) + (-2 + -5)/(-1). Let n(k) = -4*k + 4. Calculate n(i).
-24
Let f(t) be the third derivative of -t**5/10 - t**4/24 - t**3/6 + 7*t**2 +